s the remainder when d is divided by 232?
58
Let w = -15 - -12. Let v(f) = -156*f - 111. What is the remainder when v(w) is divided by 30?
27
Suppose -5*v = 38 - 48. Let p(l) = 18*l**v - 47*l**2 - 2 - l**3 + 6*l + 26*l**2 + 5*l**3. Calculate the remainder when 58 is divided by p(2).
28
Let x = -286105 - -286136. Suppose 5*m + 94 = 2*y, 5*m = -5*y + 4*m + 235. Calculate the remainder when y is divided by x.
16
Suppose 0 = 3*k + 2*r - 253, k - 25 - 41 = 3*r. Suppose -585 = -600*w - 42*w + 3267. Calculate the remainder when k is divided by w.
3
Let j = -697 - -739. Let o(u) be the first derivative of -u**4/4 - 3*u**3 - 3*u**2/2 - 2*u + 1. Calculate the remainder when j is divided by o(-9).
17
Let u(i) = -i**2 + 8*i - 15. Let x be u(5). Let m be x + -1 + 34 + 3. Suppose m = 2*o + 12. Calculate the remainder when 71 is divided by o.
11
Suppose 4*z + 109*k = 110*k + 94, -3*z + 42 = 4*k. What is the remainder when 602 is divided by z?
8
Let i(l) = l**3 - 28*l**2 + 28*l - 17. Let t(b) = b**3 - b**2 + 2*b + 3. Suppose 3*p - 20 = -2*p. What is the remainder when t(p) is divided by i(27)?
9
What is the remainder when 2683 is divided by 9/(-2)*(-1)/(-4)*(-80)/6?
13
Let m = 415 - 409. Let u(t) = 15*t - 32. Calculate the remainder when u(m) is divided by 25.
8
Let u = -2 - -14. Suppose 65 = -7*p + u*p. What is the remainder when p is divided by (17 + (-3250)/182)/((-4)/14)?
1
Let n(j) = 24*j + 1769. What is the remainder when n(14) is divided by 232?
17
Suppose 7453 - 17829 = -8*m. What is the remainder when m is divided by 18?
1
Let x(f) = f**2 + 191. Let q = -21 - -70. Suppose -5 = 5*a, 2*b + 2*a - 3*a - q = 0. Calculate the remainder when x(0) is divided by b.
23
Let r = -65004 + 65122. Suppose 4*j - 3*j = y + 13, 0 = -4*j - 5*y + 7. Calculate the remainder when r is divided by j.
6
What is the remainder when 785 is divided by (10/6)/((-250)/(-12000))?
65
Suppose 6*k = 5*k + 4*l - 460, -3*l = 4*k + 1878. Let p = 472 + k. Suppose -248 + 20 = -4*z. What is the remainder when z is divided by p?
1
Suppose -2*v - 2*r + 4*r + 74 = 0, -194 = -5*v - 4*r. Let o = v + -58. What is the remainder when (o - 6)*(-2 + 1) is divided by 10?
6
Let v = 11368 - -5189. What is the remainder when v is divided by 240?
237
Let b(c) = 482 - 4*c - 544 + 0*c. Calculate the remainder when b(-16) is divided by 2.
0
Let d(a) = -a**3 + 8*a**2 - 3*a - 13. Let w(v) = -v**3 + 8*v**2 + 2*v - 10. Let y be w(8). Calculate the remainder when 203 is divided by d(y).
39
Suppose 0 = 9*b - 192 - 60. Suppose 13*d = 11*d + b. Suppose 2*j = d + 18. What is the remainder when 63 is divided by j?
15
Let s(q) = 5*q**3 - 3*q**2 + 5. Calculate the remainder when 1575 is divided by s(3).
106
Let i(z) = z**3 - 5*z**2 + 63*z - 287. What is the remainder when 151 is divided by i(5)?
11
Let u = -118 - -10. Let y = -63 - u. Suppose -5*i = i - 36. Calculate the remainder when y is divided by i.
3
Let j(p) = 12*p - 9. What is the remainder when j(2) is divided by (-5 + (-255)/(-55))/((-4)/22)?
1
Let p = 241 - -1031. Suppose 10*b + p = 18*b. What is the remainder when b is divided by 8?
7
Suppose 7*f = -f. Let q(o) = 6*o - 61. Calculate the remainder when q(15) is divided by (f - -13) + (-12)/4.
9
Let z = 22075 + -21319. Calculate the remainder when 778 is divided by z.
22
Suppose 6*v - 135 = 2*v - 5*t, 0 = v - 2*t - 50. Suppose -17*x + 754 = x + 11*x. What is the remainder when v is divided by x?
14
Let w = 101 + -4. Let d = w - 52. Let b = 31 - 7. Calculate the remainder when d is divided by b.
21
Suppose -3*j = 5*v - 182, -5*v + 4*j + j + 190 = 0. What is the remainder when 106 is divided by v?
32
Calculate the remainder when 2 + (-93222)/(-15)*190/76 is divided by 268.
263
Suppose -84*z = -32*z - 35*z - 76670. Calculate the remainder when 4514 is divided by z.
4
Suppose -27*l - 2*l - 696 = 0. Let d(h) = 5*h**2 + 110*h - 33. Calculate the remainder when d(l) is divided by 42.
39
Let x(q) = q**3 + 18*q**2 + 43*q - 16. Let a(b) = -b**3 - 6*b**2 + 44*b + 25. Let u be a(-10). Calculate the remainder when 94 is divided by x(u).
10
Suppose 1167 = 8*g - 217. Let d = g - 139. What is the remainder when d is divided by 4?
2
Let m(w) = w**2 - 173*w - 1232. Calculate the remainder when 1644 is divided by m(-7).
20
Let s = -65 + 60. Let u be (2*s/2)/((-1)/5). Let i = u + 90. Calculate the remainder when i is divided by 13.
11
Let i = -7 + 23. Let x be (-12)/i + (-572)/(-16). Let k = x - 25. Calculate the remainder when 28 is divided by k.
8
Suppose s + 5*v = 789, -s - 5*v + v + 787 = 0. What is the remainder when s is divided by 134?
109
Let g(z) = -4*z - 193. Calculate the remainder when 190 is divided by g(-60).
2
Let b(q) = 7*q - 1. Suppose o = 6*o + v - 8, 8 = -4*v. Let k be b(o). Let l(f) = f**3 - 12*f**2 - 11*f - 22. What is the remainder when 5 is divided by l(k)?
1
Suppose -175 + 47 = -4*q. Suppose -10*i = 201 + 369. Let m = i + 69. Calculate the remainder when q is divided by m.
8
Suppose 47 = -2*h + 57. Suppose -h*w + 30 = j, -7*w - 71 = -2*j - 6*w. What is the remainder when 61 is divided by j?
26
Let h(y) = 3*y + 138. Let m(n) = n - 2. Let l(r) = -h(r) - 2*m(r). What is the remainder when l(-32) is divided by 9?
8
Let f(j) = 76*j**2 + 79*j + 28. Calculate the remainder when f(-3) is divided by 58.
11
Let m = -5546 + 5572. Calculate the remainder when 210 is divided by m.
2
Let a be 20/(2/2 - 0) - -5. Suppose a*o - 496 = 104. What is the remainder when 174/3 + 1 - -3 is divided by o?
14
Suppose 5*r + 1789 - 9356 = -4*x, -r + 1520 = 3*x. Calculate the remainder when r is divided by 89.
87
Suppose 0 = -32*b + 13*b + 2223. What is the remainder when b is divided by 87?
30
Let g be -4 + (-6 - 0 - -13). Suppose -2*o + 4*o = k + 800, -2*o + g*k + 796 = 0. What is the remainder when o is divided by 67?
66
Let p = 26370 - 26348. Calculate the remainder when 2979 is divided by p.
9
Let s be (-8)/12*2/(-4)*0. Suppose s = -15*c - 0*c + 765. What is the remainder when c is divided by 18?
15
Suppose 514 = -3*k + 7*k - 3*l, -2*l - 386 = -3*k. Suppose -3*h = 2*h - 85. What is the remainder when k is divided by h?
11
Let j = -263 - -252. Let r(s) = 2*s**3 + 21*s**2 - 14*s - 5. What is the remainder when r(j) is divided by 12?
4
Let n(k) = -15*k**2 - 106*k + 8. Let v be n(-7). Suppose -v*i + 11*i + 4280 = 4*g, -12 = 4*i. Calculate the remainder when g is divided by 43.
41
Suppose -4*r - 4*z = -744, 37*z - 4 = 33*z. What is the remainder when 365 is divided by r?
180
Let o(t) = -t**3 - 6*t**2 - 4*t + 4. Suppose -4*k - 45 = 5*k. Let q be o(k). Calculate the remainder when 107 + 1 - (3 + (-3 - q)) is divided by 36.
35
Suppose -5*i = 36 - 1. What is the remainder when 333 is divided by (41 - i) + 5 + 3?
53
Suppose 3*o = 2*v + 4633, 34*o - 39*o + v + 7738 = 0. What is the remainder when o is divided by 11?
9
What is the remainder when ((-8)/(-20))/(23/(383640/16)) is divided by 205?
7
Suppose 5*i = 5*j - 65, 8*j + i = 3*j + 53. Suppose -j*m - 52 = -470. Calculate the remainder when m is divided by 22.
16
Suppose 4*g - 4*j - 32 = 0, j - 8 = -7*g - 4*j. What is the remainder when 31/(g/(6 + 190)) is divided by 95?
94
Let o(v) = -v**3 + 21*v**2 - v + 15. Suppose 16*i - 13*i = 63. Let n be o(i). What is the remainder when 158 is divided by (-191)/n + 8/48?
30
Let x(a) = 2*a**3 - 6*a**2 + 9*a + 36. What is the remainder when x(6) is divided by 67?
38
Suppose t - 157 = -5*b + 668, 3*t = -t. Calculate the remainder when 192 is divided by b.
27
Let i(s) = -s - 8. Let a be i(-18). Let t = a - 0. Let g(c) = c**2 - 17*c + 28. Calculate the remainder when g(17) is divided by t.
8
Let r = 268 + -41. Suppose 4*q + 3*b = r + 364, -2*b = 4*q - 586. Suppose 0 = -5*w + 20, -2*t + 26 = 2*w - 40. Calculate the remainder when q is divided by t.
28
Suppose -19 + 137 = 2*o. Let s(q) = 2*q**2 - 10*q - 22. Let j be s(7). What is the remainder when o is divided by ((-52)/j)/(8 + (-78)/9)?
7
Let k(n) = 2*n**3 - 5*n**2 - 2*n + 13. Let u be k(2). Suppose -10*o - 25 = -u*o, y - 3*o - 100 = 0. Calculate the remainder when y is divided by 8.
5
Let l(w) = w**3 - 4*w**2 + 10*w - 40. Let t be l(5). What is the remainder when (-661)/(-7) - 15/t is divided by 7?
3
Suppose 0 = -l + 1, 4*l + 1 = 4*a - 7. Let w = 71 + -70. Suppose 0 = 2*y - 3*y + w. What is the rema